 93?
True
Does 12 divide 6667?
False
Does 4 divide 93?
False
Is 14 a factor of 196?
True
Is 6212 a multiple of 76?
False
Is 24 a factor of 51?
False
Is 249 a factor of 62237?
False
Does 54 divide 1782?
True
Is 38 a factor of 3173?
False
Is 130 a multiple of 13?
True
Is 13 a factor of 1638?
True
Is 104 a factor of 52416?
True
Is 23 a factor of 6125?
False
Is 8 a factor of 1347?
False
Is 56 a factor of 3416?
True
Is 20 a factor of 11611?
False
Is 11 a factor of 946?
True
Is 15 a factor of 165?
True
Does 8 divide 8784?
True
Is 1503 a multiple of 10?
False
Is 3542 a multiple of 77?
True
Does 26 divide 72?
False
Is 3217 a multiple of 19?
False
Is 70 a multiple of 3?
False
Is 99 a factor of 64081?
False
Is 277 a multiple of 18?
False
Is 25 a factor of 11625?
True
Does 3 divide 8340?
True
Does 6 divide 648?
True
Does 4 divide 184?
True
Is 97 a factor of 3024?
False
Does 14 divide 72534?
True
Does 185 divide 40177?
False
Does 14 divide 22190?
True
Does 35 divide 3045?
True
Is 5 a factor of 970?
True
Does 16 divide 27046?
False
Is 589 a multiple of 50?
False
Does 5 divide 302?
False
Is 715 a multiple of 27?
False
Is 9486 a multiple of 9?
True
Is 36 a factor of 1149?
False
Is 12306 a multiple of 3?
True
Is 19747 a multiple of 7?
True
Does 34 divide 102?
True
Is 33 a factor of 39517?
False
Does 68 divide 107638?
False
Is 63 a factor of 7709?
False
Is 19 a factor of 1615?
True
Is 168 a multiple of 2?
True
Is 11 a factor of 30426?
True
Does 18 divide 2322?
True
Does 8 divide 182?
False
Is 5320 a multiple of 5?
True
Is 7219 a multiple of 10?
False
Is 2946 a multiple of 3?
True
Is 9655 a multiple of 4?
False
Is 15 a factor of 555?
True
Does 174 divide 174?
True
Is 2604 a multiple of 21?
True
Does 108 divide 313?
False
Is 3172 a multiple of 52?
True
Is 2832 a multiple of 118?
True
Is 106 a factor of 2451?
False
Is 47932 a multiple of 5?
False
Is 811 even?
False
Is 731 a multiple of 4?
False
Is 56 a factor of 952?
True
Is 9 a factor of 378?
True
Is 146 a multiple of 9?
False
Does 24 divide 2894?
False
Is 160 even?
True
Is 5 a factor of 88?
False
Is 2 a factor of 20?
True
Is 435 a multiple of 3?
True
Does 24 divide 1062?
False
Is 25549 a multiple of 58?
False
Is 50 a factor of 138?
False
Is 193 a multiple of 18?
False
Is 138 a factor of 16283?
False
Does 24 divide 3114?
False
Is 19 a factor of 24660?
False
Is 37 a factor of 222?
True
Does 98 divide 68623?
False
Does 80 divide 2560?
True
Is 505 a multiple of 4?
False
Is 8514 a multiple of 99?
True
Does 17 divide 31144?
True
Does 40 divide 4681?
False
Is 62 a factor of 3266?
False
Is 15093 a multiple of 8?
False
Does 9 divide 9598?
False
Is 1890 a multiple of 9?
True
Is 319 a multiple of 29?
True
Is 17 a factor of 544?
True
Does 13 divide 31947?
False
Is 14 a factor of 4072?
False
Is 19785 a multiple of 18?
False
Is 91 a factor of 33071?
False
Is 54 a factor of 432?
True
Is 1762 a multiple of 28?
False
Does 11 divide 44321?
False
Is 24465 a multiple of 10?
False
Does 60 divide 25740?
True
Is 1972 a multiple of 68?
True
Is 18539 a multiple of 58?
False
Is 1771 a multiple of 7?
True
Does 60 divide 36240?
True
Is 4 a factor of 2240?
True
Is 43 a multiple of 5?
False
Is 123 a multiple of 2?
False
Does 50 divide 3800?
True
Is 10 a factor of 5770?
True
Is 15846 a multiple of 12?
False
Does 11 divide 836?
True
Is 5 a factor of 906?
False
Is 13 a factor of 35152?
True
Is 507 a multiple of 14?
False
Does 21 divide 1403?
False
Is 8 a factor of 7258?
False
Is 189 a multiple of 9?
True
Is 218 a multiple of 24?
False
Does 19 divide 130?
False
Does 6 divide 48?
True
Does 46 divide 2819?
False
Is 5 a factor of 1218?
False
Is 4968 a multiple of 9?
True
Is 1650 a multiple of 66?
True
Does 4 divide 7051?
False
Is 23 a factor of 939?
False
Does 23 divide 527?
False
Does 7 divide 2984?
False
Is 13661 a multiple of 19?
True
Does 42 divide 1092?
True
Is 118917 a multiple of 9?
True
Does 17 divide 15198?
True
Does 10 divide 7440?
True
Does 55 divide 13860?
True
Does 54 divide 1645?
False
Does 16 divide 13824?
True
Does 83 divide 8704?
False
Is 14 a factor of 112?
True
Does 89 divide 1243?
False
Does 24 divide 15408?
True
Is 8 a factor of 400?
True
Is 14 a factor of 112?
True
Does 49 divide 10056?
False
Is 20 a factor of 4807?
False
Does 12 divide 20?
False
Does 29 divide 876?
False
Is 2768 a multiple of 37?
False
Is 5 a factor of 3238?
False
Is 18720 a multiple of 30?
True
Does 27 divide 459?
True
Is 26620 a multiple of 55?
True
Is 17 a factor of 965?
False
Is 286 a multiple of 26?
True
Does 18 divide 4176?
True
Does 45 divide 649?
False
Is 2694 a multiple of 59?
False
Does 7 divide 585?
False
Does 37 divide 3538?
False
Is 40 a factor of 160?
True
Is 5752 a multiple of 16?
False
Does 25 divide 1425?
True
Is 52 a factor of 49452?
True
Is 1245 a multiple of 15?
True
Is 9 a factor of 1387?
False
Does 18 divide 198?
True
Is 7 a factor of 1554?
True
Is 50 a factor of 12430?
False
Is 82 a factor of 278?
False
Does 19 divide 123?
False
Does 11 divide 5818?
False
Is 29 a factor of 1451?
False
Is 92 a multiple of 46?
True
Does 12 divide 4807?
False
Is 410 a multiple of 65?
False
Is 624 a multiple of 2?
True
Is 938 a multiple of 14?
True
Is 122 a factor of 30744?
True
Does 51 divide 16425?
False
Is 17 a factor of 3961?
True
Is 2698 a multiple of 19?
True
Is 24 a factor of 4488?
True
Does 61 divide 868?
False
Is 2733 a multiple of 136?
False
Is 4452 a multiple of 28?
True
Is 18 a factor of 26028?
True
Is 11 a factor of 5467?
True
Does 143 divide 27468?
False
Is 16536 a multiple of 26?
True
Is 3 a factor of 158?
False
Is 5175 a multiple of 15?
True
Is 2177 a multiple of 17?
False
Does 155 divide 1622?
False
Does 43 divide 1337?
False
Is 665 a multiple of 7?
True
Does 15 divide 52530?
True
Is 9 a factor of 24042?
False
Does 21 divide 3526?
False
Is 47 a factor of 24534?
True
Is 36092 a multiple of 11?
False
Is 199 a factor of 41392?
True
Does 60 divide 10440?
True
Does 25 divide 2242?
False
Is 8008 a multiple of 44?
True
Does 35 divide 1671?
False
Does 11 divide 69129?
False
Does 5 divide 33?
False
Is 8 a factor of 1880?
True
Is 1033 a multiple of 3?
False
Is 35 a factor of 23425?
False
Is 165 a multiple of 7?
False
Does 10 divide 729?
False
Is 24323 a multiple of 13?
True
Is 25 a factor of 1125?
True
Does 8 divide 167?
False
Does 115 divide 4025?
True
Is 48 a factor of 1728?
True
Is 551 a multiple of 4?
False
Is 945 a multiple of 105?
True
Is 11456 a multiple of 12?
False
Is 31 a factor of 15586?
False
Is 961 a multiple of 31?
True
Does 10 divide 422?
False
Does 55 divide 2365?
True
Is 16 a factor of 13488?
True
Does 22 divide 637?
False
Is 18 a factor of 12732?
False
Does 35 divide 54906?
False
Is 3066 a multiple of 14?
True
Is 194 a factor of 194?
True
Is 43 a factor of 433?
False
Does 82 divide 655?
False
Does 2 divide 192?
True
Is 15654 a multiple of 35?
False
Is 35 a factor of 1415?
False
Is 900 a multiple of 7?
False
Does 31 divide 1725?
False
Is 5955 a multiple of 15?
True
Is 187 a factor of 38335?
True
Is 12 a factor of 1915?
False
Does 25 divide 4400?
True
Does 15 divide 67?
False
Does 74 divide 222?
True
Does 12 divide 2052?
True
Is 13 a factor of 10296?
True
Is 1870 a multiple of 10?
True
Is 792 a multiple of 6?
True
Does 21 divide 1249?
False
Is 77328 a multiple of 7?
False
Is 384 a multiple of 12?
True
Is 17 a factor of 8313?
True
Is 2897 a multiple of 7?
False
Is 3059 a multiple of 40?
False
Is 41444 a multiple of 26?
True
Is 14 a factor of 110?
False
Is 222 a factor of 115440?
True
Is 15 a factor of 2250?
True
Is 9 a factor of 4982?
False
Does 34 divide 850?
True
Is 106 a multiple of 2?
True
Is 9 a factor of 36?
True
Does 8 divide 82?
False
Does 17 divide 5930?
False
Is 43662 a multiple of 38?
True
Is 24 a multiple of 2?
True
Is 28 a factor of 4098?
False
Does 24 divide 2559?
False
Is 594 a multiple of 27?
True
Is 103 a factor of 4798?
False
Is 106 a multiple of 7?
False
Is 10 a factor of 790?
True
Is 814 a multiple of 53?
False
Is 44336 a multiple of 163?
True
Is 135576 a multiple of 14?
True
Is 77 a factor of 770?
True
Is 16296 a multiple of 14?
True
Is 3482 a multiple of 63?
False
Does 116 divide 31552?
True
Does 13 divide 5161?
True
Is 29 a factor of 1287?
False
Does 11 divide 2288?
True
Is 726 a multiple of 66?
True
Is 28 